 of v.
7
Suppose -2*b + 5*f + 22 = 3*f, -2*f - 43 = -5*b. Let p = -3 + b. Suppose 4*s + 8 = 4*g, -p*g = -5*s - g. What are the prime factors of s?
3
Let n = -2 + 2. Suppose -7 = -4*l - m + 2, m + 18 = 5*l. Suppose -3*s + 0*s = 2*j - 13, 3*s - l = n. What are the prime factors of j?
5
Let s = 2 - 3. List the prime factors of (s/2)/((-2)/44).
11
Let f(i) be the first derivative of 5*i + 1/2*i**2 - 2. List the prime factors of f(7).
2, 3
Let t = 54 + -23. What are the prime factors of t?
31
Let n(w) = 17*w - 3. List the prime factors of n(5).
2, 41
Let f be 2 + 5 + -2 + -2. Suppose 0 = 4*s + 3*m - 44, -5*m - 90 = -2*s - f*s. What are the prime factors of s?
2, 7
List the prime factors of -6 + 77 - (1 + -3).
73
Let x(v) = -v**3 - 6*v**2 - 5*v + 2. Let z be x(-5). Suppose -4*l + 10 = -0*q - 2*q, -4*q + z*l + 10 = 0. Suppose -29 - 1 = -q*k. List the prime factors of k.
2, 3
Let v(d) = -d**3 - 10*d**2 - 10*d + 12. Let p(t) = -t**3 + 2*t**2 + 7*t - 5. Let z be p(4). What are the prime factors of v(z)?
3, 7
Let i = 1 + 3. List the prime factors of 10 - i*(-3)/6.
2, 3
Let s(b) = 24*b + 4. Let w be s(3). Suppose a = 5*a - w. What are the prime factors of a?
19
Let t be 1 + (4 - (1 + 0)). Suppose -t*b = 5*o + 9 + 18, -b + 12 = -5*o. List the prime factors of 1/(o*1/(-6)).
2
Let s = -64 + 92. List the prime factors of s.
2, 7
Let s(u) = -2*u**3 - 5*u**2 - 2*u + 3. List the prime factors of s(-4).
59
Suppose -2*v = -4 - 44. Suppose -c = c - v. List the prime factors of c.
2, 3
Suppose 3*r = 10*r. Let o(n) be the first derivative of -n**4/4 - n**3/3 + 6*n - 1. List the prime factors of o(r).
2, 3
Let m = -147 - -213. List the prime factors of m.
2, 3, 11
Suppose 3*u - 3 = 3. Suppose 76 = 4*i - 0*w - 4*w, u*i - w = 36. What are the prime factors of i?
17
Suppose -2*q = -2*l + q + 130, 3*q + 6 = 0. What are the prime factors of l?
2, 31
Let x(s) = 12*s**2 + 8*s + 2 - 26*s**2 + 13*s**2. Suppose -6 = -3*d + 18. List the prime factors of x(d).
2
Suppose 4 + 5 = 3*d, 2*p - 5*d = 45. List the prime factors of p.
2, 3, 5
Let y = 170 - 94. What are the prime factors of y?
2, 19
Let b(p) = -20*p + 6. Let r be b(-8). Suppose -4*w + r = 34. List the prime factors of w.
3, 11
Suppose -2*b + 244 = -2. What are the prime factors of b?
3, 41
Let a = -4 + 5. Let c be (-1 + a)/1 + 0. Suppose 3*x - 3*l = 27 - c, -x - 3*l = -9. What are the prime factors of x?
3
Let z be 16 + -3 - (-1 - -1). Let g = 28 - z. List the prime factors of g.
3, 5
Let a(t) = -t**3 + 5*t**2 - 4*t + 3. Let p be a(3). Let s(y) = -y**2 + 13*y - 7 - 2*y - 3. List the prime factors of s(p).
2
Let s = -13 - -8. List the prime factors of ((-4)/10)/(s/125).
2, 5
Let a = 31 - 91. Let o be (2/4)/((-5)/a). What are the prime factors of (15/(-10))/(o/(-32))?
2
Suppose 18*f = 4928 - 158. List the prime factors of f.
5, 53
Let o(p) = p**2 + 4*p + 1. Let v be o(-5). Let m(d) = -4*d + d**2 - 4*d - 3 + 4*d. What are the prime factors of m(v)?
3
Suppose 5*a = -2*q + 48, 0 = a - 2*a + 2*q. Suppose 0 = y - 3*y + a. Suppose 6*o = y*o + 20. What are the prime factors of o?
2, 5
What are the prime factors of 4/(-6) + ((-2424)/(-18))/1?
2, 67
Suppose k + 3*k - 8 = 0. Suppose k*s - 4*s + 34 = 0. List the prime factors of s.
17
Let p(b) = b**3 - 18*b**2 - 39*b + 3. List the prime factors of p(20).
23
Suppose -15 = -2*p + 15. List the prime factors of p.
3, 5
Suppose 33 = g - 40. List the prime factors of g.
73
Let r = 3 - -44. List the prime factors of r.
47
Suppose -4*i + 0 = -4. Let o be -30*((-14)/10 + i). Let r = o + -2. List the prime factors of r.
2, 5
Let s(g) = g**3 + 8*g**2 - 24*g - 13. List the prime factors of s(-10).
3
What are the prime factors of (1 - 3)*4*-6?
2, 3
List the prime factors of -1*3*(-5 - (-363)/(-9)).
2, 17
Let i(s) = s**3 - s**2 + s + 40. Let m be i(0). Suppose 0 = 2*a - p - 25, 0*a + 3*a + p - m = 0. What are the prime factors of a?
13
Suppose 4*d - 4 = -2*m + 3*m, 2 = d. Suppose -m*t = o - 13, -22 = -4*o + 2*t - 3*t. List the prime factors of o.
5
Let k = 2 + 1. What are the prime factors of k?
3
Let n be 1 + (1 - -1) + 1. Suppose j + 4*x = 20, n*j - x + 6*x - 102 = 0. What are the prime factors of j?
2, 7
Suppose 0 = -2*a + 4 - 0. Let q = 3 + a. Suppose -k - 3*w + 13 = 0, k - q*w + 8 = -w. What are the prime factors of k?
2
Let u = -1 - -11. Suppose -4*b = 3*k - 30, k + u = b + 3*k. Suppose n - b = 5. List the prime factors of n.
11
Let o = 6 - 7. Let i be o - (-12)/3 - 0. List the prime factors of -18*(i - 14/4).
3
Let f = 163 - 112. What are the prime factors of f?
3, 17
Suppose -4*u = 3*n - 102, 33 = -3*n + 4*n + u. Let i = n - 7. List the prime factors of i.
23
Suppose 0 = m + 1, -55 = -2*z + 7*z + 5*m. Let g = -5 - z. Suppose 0*l - g*l = -30. List the prime factors of l.
2, 3
Let t(x) = 11*x**2 + x + 1. Let h be t(-1). Let n = h - 7. Suppose -n*g + 45 = 9. What are the prime factors of g?
3
Suppose 14 + 20 = 2*v. Let d = v + -9. What are the prime factors of d?
2
Let w(v) be the second derivative of v**5/20 - 2*v**3/3 + 3*v**2/2 + 3*v. List the prime factors of w(3).
2, 3
Suppose 570 = -3*u - 2*u. List the prime factors of (-1)/4 - u/8.
2, 7
Let g be (-2)/(-7) + (-32)/14. Suppose u + 4*u = r - 7, 3*u = -2*r - 12. List the prime factors of 9 + (-12)/r + g.
11
Let w(s) = 8*s - 8. Let a(x) = x. Let m be a(4). What are the prime factors of w(m)?
2, 3
Let g(r) = -14*r**2 - 7. Let t(s) = -5*s**2 - 2*s**2 - 5*s + 5*s - 3. Let j(l) = 3*g(l) - 7*t(l). What are the prime factors of j(1)?
7
Let n = 1 - 2. Let o(b) = -2*b**3 + b + 1. What are the prime factors of o(n)?
2
What are the prime factors of (19 - -7)/(8/12)?
3, 13
Let b(c) = 2*c**2 - 2*c - 2. Suppose 0 = -4*j + 5*i + 33, 5*j - 4*i + i - 25 = 0. Let u be b(j). Suppose u*f - 42 = -f. List the prime factors of f.
2, 7
Let j(p) = 3*p**3 + 3*p**3 + 4*p**2 - 8*p - 6 + 1 - 5*p**3. What are the prime factors of j(-5)?
2, 5
Let y(r) = 6*r - 7. List the prime factors of y(7).
5, 7
Let j be (9 - 0) + 0 + 1. Let r(u) = u**2 + 10*u + 7. Let w be r(-9). Let n = j + w. List the prime factors of n.
2
What are the prime factors of ((-3427)/46)/(1/(-2))?
149
Suppose -c = -4*c + 441. List the prime factors of c.
3, 7
Let g(s) = s**2 - 12*s - 10. Let q be g(11). Let o = 50 + q. Let m = -16 + o. List the prime factors of m.
13
Let h(i) = i**3 - 5*i**2 + 3*i - 2. Let v be h(4). Let q(s) = -s + 3. List the prime factors of q(v).
3
Suppose 5 = -8*t + 3*t. What are the prime factors of (t + -1)/(-2)*10?
2, 5
Suppose -3*u + 13 = -11. Suppose -4*t + u = 0, -5*t = -5*x + 4*x + 5. What are the prime factors of x?
3, 5
Let t(v) = -3*v - 10. Let x be -4 + -7 - 0/3. What are the prime factors of t(x)?
23
Let b = -7 - -11. Suppose -b*l = -l - 3. List the prime factors of 2/l - 3/(-3).
3
Let j = -16 + 39. What are the prime factors of j?
23
Let h(z) be the first derivative of -z**5/20 - z**4/2 + 4*z**2 - z - 2. Let j(k) be the first derivative of h(k). List the prime factors of j(-6).
2
Let f(m) = -m**3 + 6*m**2 + 3*m - 13. List the prime factors of f(6).
5
Suppose -3*r = -r - 8. What are the prime factors of r?
2
Suppose -3*n + n - 10 = 0. Let u(a) be the third derivative of a**6/120 + a**5/10 + a**4/8 + a**3/6 + a**2. What are the prime factors of u(n)?
11
Let y = 8 - 5. Suppose 75 = 2*x + x - y*c, 78 = 3*x - 2*c. Suppose v - 4*n - 25 = 0, n + x = 4*v + 3*n. List the prime factors of v.
3
Let j(v) = -v**3. Let m be j(0). Suppose -5*a = -d + 3 - m, 9 = 3*d + 2*a. Suppose p = -3*u + d*p + 19, 4*u - p = 27. List the prime factors of u.
7
Let y(o) = 6*o + 2. Let r(t) = -t**2 + t. Let x(m) = r(m) - y(m). Let a be x(-3). Suppose -4*g = -16, -4*p + 48 = 2*g - a. What are the prime factors of p?
11
Let l = -2 - -7. Suppose 2*m - 5*v + 5 = 5*m, -2*m + 5 = 5*v. What are the prime factors of l + 1 + m + 3?
3
Suppose -a - 2*a - 2 = -t, 2*a = -4*t + 22. Let y(v) = 34*v**2 + v. What are the prime factors of y(a)?
5, 7
Suppose -2*o + 5 = -1. Suppose 0*m + 4*m = 244. Suppose -5*h + 66 = -2*l, 5*h + o*l - m = 15. What are the prime factors of h?
2, 7
Let y = 4 + 1. Suppose 33 = y*h - 27. Let d = h + -2. What are the prime factors of d?
2, 5
Let k = -11 + 8. List the prime factors of (-12)/((-4)/((-8)/k)).
2
Let k(s) = -s**3 + 16*s**2 - 18*s. List the prime factors of k(14).
2, 5, 7
Let 